 -2*g - q - 1 = -3, 10 = 4*g - q. Calculate the highest common divisor of g and t.
2
Let m(p) = 44*p + 1120. Let q be m(-25). Calculate the greatest common divisor of 92 and q.
4
Suppose -6*r = -10*r + 48. Let i be (-95)/2 + (-8)/(-16). Let q = i + 83. What is the greatest common divisor of r and q?
12
Suppose -5*n + 3*o = -392, -5*n - 5*o = -222 - 138. Let s = -144 + 148. What is the highest common divisor of n and s?
4
Let n(m) = 27*m**2 + 134*m - 726. Let t be n(7). What is the highest common factor of t and 11666?
307
Suppose 30055 - 11135 = 43*y. Suppose 3*s = 4*s - 55. What is the greatest common divisor of s and y?
55
Let p(f) = -f**3 + 5*f - 2. Let z be p(-5). Suppose -386 = -9*r - z. What is the greatest common divisor of 256 and r?
32
Let a(w) = -4*w**2 - 21*w + 38. Let c(i) = 3*i**2 + 22*i - 36. Let p(s) = 4*a(s) + 5*c(s). Let g be p(22). Calculate the greatest common divisor of 15 and g.
15
Let a(s) = s + 14. Let y be a(-7). Let t be (-24 - -66)/((-9)/(-12) - 0). What is the highest common factor of t and y?
7
Suppose 12*q = 37 + 11. Let a(w) = -101*w**2 - 4. Let c be a(q). Let s be (c/126)/(6/(-28)). Calculate the greatest common factor of 40 and s.
20
Suppose 9*c - 53 = 343. Let v = c + -30. Suppose 11 = -3*r + 53. Calculate the highest common divisor of r and v.
14
Let b(k) = -k**2 + 28*k + 33. Let g be b(29). Suppose 0 = -l - j + 49, 0 = -g*l - 5*j + 20 + 175. Calculate the greatest common divisor of l and 400.
50
Let l be (-8)/(-24)*-39 + 2 - -773. Calculate the greatest common divisor of 6604 and l.
254
Let d = -12201 + 12310. Calculate the greatest common factor of d and 12753.
109
Let x be 2/9 - (-6 + (-112)/(-18)). Suppose -l - 4*l + 8 = i, x = -3*i + 4*l + 5. What is the greatest common divisor of 9 and i?
3
Let y be -1 - (-4 + 3 + (2 - 3)). Suppose -6*a - 2*z + 17 = -a, -z + y = 0. What is the greatest common factor of a and 99?
3
Suppose -108*i + 88*i + 72180 = 0. What is the highest common divisor of i and 27?
9
Let p(j) = 3*j**2 - 3*j + 6. Let x be (10/6)/(-1)*3. Let w be p(x). Let u = w - 72. Calculate the highest common factor of 192 and u.
24
Let d = 11 - -4. Suppose 6*n - 20*n + 3780 = 14*n. Calculate the highest common factor of n and d.
15
Suppose -177 + 2 = -7*h. Let s be (-58)/(-18) - 16/72. Suppose g - s*g - 3*q + 30 = 0, -3*g + 45 = 2*q. What is the greatest common factor of h and g?
5
Let i be 2/(-3)*19/((-570)/127215). Calculate the greatest common factor of i and 121.
11
Let j = 16183 - 16107. Calculate the greatest common factor of 6650 and j.
38
Suppose 0 = 57*i + 35*i - 7452. Calculate the highest common factor of 1413 and i.
9
Let v = 806 + -767. Suppose -7*n + 210 = -2*n - 3*l, 4*n - l - 161 = 0. What is the greatest common factor of n and v?
39
Suppose -438*d + 235 - 67 = -430*d. Calculate the highest common divisor of 621 and d.
3
Suppose 3*w + 18 = 9*w. Suppose -10*s + w*s = -224. Suppose 41*o - s = 40*o. What is the greatest common divisor of o and 80?
16
Let g be 44*1 - (-49 + 53). Suppose g*k + 9 = 41*k. Calculate the greatest common divisor of 486 and k.
9
Let k(r) = r**3 + 5*r**2 + 2*r + 10. Let n be k(-5). Suppose n = -u + 8 - 1. Let x = 63 + u. Calculate the highest common factor of x and 175.
35
Suppose a - 65 = -3*m - 3, -a + 56 = 5*m. Suppose 4*o = -4*f + 229 + a, -5*f + 15 = 0. Calculate the highest common factor of 120 and o.
24
Suppose -4*j + u + 734 = -2*j, -j - 5*u + 334 = 0. What is the greatest common divisor of j and 140?
28
Let t = -4235 + 4378. What is the greatest common factor of 1573 and t?
143
Suppose 0 = -2*h + 2*c + 10, 4*h - 2*c - 4 = -6*c. Suppose h*j = o + 616, j + 3*o - 612 = -2*j. What is the highest common divisor of j and 82?
41
Suppose 4*b + 8 = 2*b, 3*r - 16 = -5*b. Suppose 0 = 3*d + 3*x - 396, 4*x = -d + 46 + 68. Calculate the highest common factor of d and r.
6
Let w be (-20592)/(-390) + (-2)/(-10). Suppose -3*h + 37 = 2*y, -5*y + 4*y = -4*h + w. Let v = 70 + 34. What is the highest common factor of v and h?
13
Let m(v) = 10*v + 3. Let l = 3 - 0. Let c be m(l). Suppose 0 = j - 2, -41*k - 2*j = -37*k - 92. What is the highest common factor of c and k?
11
Suppose -n + 3*s = -90, 4*s + 595 - 178 = 5*n. Suppose -57*i + 267*i + 771 = 2661. Calculate the highest common divisor of i and n.
9
Suppose 4*i - x - 52 = 0, 2*x - 36 = -2*i - 0*i. Let c be (1764/54)/((-3)/(27/(-6))). What is the highest common divisor of c and i?
7
Suppose 2341 = 2*l - 2022*p + 2019*p, 4*l = -4*p + 4612. Calculate the highest common divisor of l and 45.
5
Let g = 39 - 28. Suppose -4*h = -k - g, -2*h = -5*h + 2*k + 2. Let a be (h/(-6))/(7/(-21)). Calculate the greatest common factor of 10 and a.
2
Let w = 5374 - 7623. Let g = -889 - w. Calculate the greatest common divisor of 85 and g.
85
Suppose -q + 16*q = 11*q + 312. What is the greatest common factor of q and 130?
26
Let v = 301 + -288. Let c be v/(39/(-27))*2/(-3). Let w = -11 - -41. Calculate the highest common divisor of c and w.
6
Suppose 0 = 3*n + 3*f - 633, 22*n = 21*n - 3*f + 215. Let d be (33/(-12))/((-2)/8). Calculate the highest common divisor of n and d.
11
Let y = -1099 + 1131. Suppose -1408 = -10*v + 6*v. What is the highest common factor of y and v?
32
Let t = 385 + 1513. Calculate the greatest common divisor of 438 and t.
146
Let f(w) = w**2 + 13*w - 27. Let b be f(9). Suppose -b - 77 = -4*l. What is the highest common divisor of l and 2?
2
Let s = 957 + -408. Let y = 557 - s. What is the highest common divisor of 672 and y?
8
Let z(k) = -k**3 + 44*k**2 - 47*k + 242. Let o be z(43). Let g be 2/(-1) + (-44)/(-1). What is the greatest common divisor of o and g?
14
Suppose -4*f - 3380 = -5*x - f, 0 = 3*f - 15. Suppose -5*o + x = 4*n, -2*n + 343 - 16 = 5*o. Calculate the highest common factor of n and 11.
11
Let w be ((-138)/(-8))/(-9*(-1)/12). Suppose 20*x - 2077 = w. Calculate the greatest common factor of x and 63.
21
Let p(b) = -12*b + 315. Let i be p(26). Suppose i*c = 860 + 1915. Calculate the greatest common factor of 25 and c.
25
Let p(l) = 74*l - 344. Let b be p(25). Let m = -962 + b. Calculate the greatest common divisor of m and 34.
34
Let r = 2599 + -73. What is the highest common divisor of r and 12?
6
Let k be 182/15 + 26/(-195). What is the greatest common divisor of 408 and k?
12
Let d(l) = l**2 + 22*l + 39. Let m be d(-18). Let c be ((-11)/m)/(1/39). Calculate the greatest common factor of c and 13.
13
Suppose 3*x = c + 2*c - 15, 0 = 2*c + 4*x - 28. Suppose -5*d + 1624 = -2*n, -456 + 184 = -d - 4*n. What is the greatest common divisor of d and c?
8
Suppose 2*g + 4*p - 608 = 0, 5*p + 4 - 9 = 0. Let t = -236 + g. What is the greatest common factor of t and 30?
6
Suppose 5*g - 2*q - 392 = 0, g + 5*q = 48 + 52. Let r be 8 + -5*12/(-30). What is the highest common factor of r and g?
10
Let p = -17 - -21. Let g(o) = o. Let z(n) = 13*n**2 + 7*n + 9. Let m(h) = p*g(h) + z(h). Let t be m(-5). What is the highest common factor of t and 31?
31
Let f = 115 - 115. Suppose f*a = -a - 5*v + 57, 2*a - 86 = -3*v. Calculate the greatest common factor of a and 296.
37
Suppose -189 = 14*m + 245. Let y = m + 43. What is the highest common divisor of 252 and y?
12
Let z be (741/(-52))/(3/(-12)). Suppose 46*y = 47*y - z. Calculate the greatest common divisor of y and 57.
57
Let o(i) = -59*i - 260. Let t be o(-21). What is the highest common factor of t and 11?
11
Let g(j) = -44*j + 1198. Let i be g(26). Let u(l) = 60*l + 6. Let f be u(8). Calculate the highest common factor of i and f.
54
Suppose v + 2*v - 3*h + 9 = 0, v - 3*h + 13 = 0. Suppose v*y = -y + 36. Let a(s) = 20*s. Let j be a(6). Calculate the highest common divisor of j and y.
12
Let s = 60 + -57. Suppose -4*z + 4*x + 291 - 55 = 0, -57 = -z + s*x. What is the highest common factor of 30 and z?
30
Let q be (-1)/(-2) + 66/4. Suppose q = 3*u - 2*x, 8 = 3*u + 4*x - 39. Suppose -9*b - 2*s = -11*b + 98, -8 = 2*s. What is the greatest common divisor of u and b?
9
Let x(k) = -k**3 - 8*k**2 - 7*k - 6. Let v be x(-7). Let p be (-372)/155*20/v. Suppose 2*t - 3*t + 104 = 0. Calculate the highest common divisor of p and t.
8
Suppose 651 = 25*o - 3949. Suppose 3*p + 2*u = 146, 4*u - 6*u = -2*p + 84. Calculate the greatest common factor of o and p.
46
Let k be (-6683)/(-123)*6/(-2).